1, 36571
List the prime factors of 815966.
2, 17, 103, 233
List the prime factors of 5661212.
2, 1415303
List the prime factors of 10648726.
2, 11, 79, 557
List the prime factors of 16773765.
3, 5, 37, 30223
What are the prime factors of 422941?
577, 733
List the prime factors of 4528326.
2, 3, 11, 68611
What are the prime factors of 3405812?
2, 241, 3533
What are the prime factors of 1337020?
2, 5, 66851
List the prime factors of 3543975.
3, 5, 19, 829
List the prime factors of 546936.
2, 3, 13, 1753
What are the prime factors of 776142?
2, 3, 1597
What are the prime factors of 7115653?
181, 39313
List the prime factors of 61184.
2, 239
List the prime factors of 1411215.
3, 5, 13, 7237
What are the prime factors of 30566511?
3, 167, 6779
What are the prime factors of 9325553?
9325553
List the prime factors of 1603481.
11, 145771
List the prime factors of 2975282.
2, 1487641
What are the prime factors of 18782911?
7, 131, 20483
What are the prime factors of 1595677?
19, 83983
What are the prime factors of 22886417?
1487, 15391
What are the prime factors of 64810?
2, 5, 6481
What are the prime factors of 662757?
3, 220919
What are the prime factors of 1042934?
2, 53, 9839
List the prime factors of 537380.
2, 5, 97, 277
List the prime factors of 553696.
2, 11, 13
What are the prime factors of 3293079?
3, 41, 653
List the prime factors of 14728183.
37, 398059
What are the prime factors of 18113370?
2, 3, 5, 11, 131, 419
List the prime factors of 4284644.
2, 7, 13, 79, 149
What are the prime factors of 1849640?
2, 5, 13, 3557
What are the prime factors of 556463?
43, 12941
What are the prime factors of 22735726?
2, 13, 79, 11069
List the prime factors of 1648552.
2, 206069
What are the prime factors of 9755?
5, 1951
What are the prime factors of 23175570?
2, 3, 5, 11, 70229
List the prime factors of 46771.
46771
What are the prime factors of 103542?
2, 3, 17257
List the prime factors of 4041138.
2, 3, 17, 39619
What are the prime factors of 253511?
79, 3209
List the prime factors of 110976.
2, 3, 17
List the prime factors of 11201951.
11201951
What are the prime factors of 480015?
3, 5, 10667
List the prime factors of 8998622.
2, 37, 277, 439
List the prime factors of 1408490.
2, 5, 61, 2309
What are the prime factors of 143582?
2, 17, 41, 103
What are the prime factors of 16236944?
2, 19, 53411
List the prime factors of 30051255.
3, 5, 13, 19, 8111
What are the prime factors of 285516?
2, 3, 7, 11, 103
What are the prime factors of 1457409?
3, 167, 2909
List the prime factors of 247956.
2, 3, 20663
What are the prime factors of 1326127?
11, 120557
What are the prime factors of 750250?
2, 5, 3001
What are the prime factors of 2173010?
2, 5, 7, 37, 839
What are the prime factors of 1188608?
2, 4643
List the prime factors of 11866739.
11866739
What are the prime factors of 256065?
3, 5, 43, 397
List the prime factors of 4969304.
2, 17, 61, 599
List the prime factors of 1748194.
2, 7, 193, 647
List the prime factors of 68906.
2, 131, 263
What are the prime factors of 3148615?
5, 629723
List the prime factors of 935031.
3, 311677
What are the prime factors of 350490?
2, 3, 5, 7, 1669
List the prime factors of 2237740.
2, 5, 127, 881
What are the prime factors of 301685?
5, 60337
What are the prime factors of 725489?
23, 31543
What are the prime factors of 14003915?
5, 2800783
What are the prime factors of 532129?
13, 40933
List the prime factors of 60575.
5, 2423
List the prime factors of 1202474.
2, 7, 13, 6607
List the prime factors of 15887456.
2, 13, 181, 211
List the prime factors of 780856.
2, 97607
What are the prime factors of 2148688?
2, 134293
What are the prime factors of 16014837?
3, 571, 9349
What are the prime factors of 509687?
509687
What are the prime factors of 68960?
2, 5, 431
List the prime factors of 488175.
3, 5, 23, 283
List the prime factors of 26253580.
2, 5, 23, 57073
What are the prime factors of 525711?
3, 19, 23, 401
List the prime factors of 16859595.
3, 5, 1123973
What are the prime factors of 16263911?
16263911
List the prime factors of 6208606.
2, 47, 257
List the prime factors of 1612584.
2, 3, 22397
List the prime factors of 274547.
7, 13, 431
List the prime factors of 362768.
2, 7, 41, 79
List the prime factors of 43389410.
2, 5, 1193, 3637
What are the prime factors of 167167?
7, 11, 13, 167
List the prime factors of 3853188.
2, 3, 107033
List the prime factors of 750345.
3, 5, 50023
What are the prime factors of 11336988?
2, 3, 13, 72673
List the prime factors of 623029.
11, 19, 271
List the prime factors of 55490.
2, 5, 31, 179
What are the prime factors of 231808?
2, 1811
List the prime factors of 12710.
2, 5, 31, 41
List the prime factors of 1796739.
3, 7, 67, 1277
List the prime factors of 10624250.
2, 5, 7, 13, 467
What are the prime factors of 18195954?
2, 3, 7, 59, 1049
List the prime factors of 671.
11, 61
What are the prime factors of 9271861?
9271861
List the prime factors of 695984.
2, 43499
What are the prime factors of 110406?
2, 3, 18401
List the prime factors of 2227064.
2, 7, 39769
What are the prime factors of 10802722?
2, 7, 771623
List the prime factors of 11657586.
2, 3, 193, 10067
What are the prime factors of 10217789?
43, 293, 811
What are the prime factors of 1287706?
2, 7, 19, 47, 103
List the prime factors of 201633.
3, 67211
What are the prime factors of 407778?
2, 3, 7, 19, 73
List the prime factors of 1375350.
2, 3, 5, 53, 173
List the prime factors of 7758743.
7758743
What are the prime factors of 2049256?
2, 11, 29, 73
List the prime factors of 11712623.
13, 900971
What are the prime factors of 2016923?
2016923
What are the prime factors of 8115251?
23, 352837
List the prime factors of 4543742.
2, 7, 23, 103, 137
List the prime factors of 23071199.
23071199
What are the prime factors of 23992916?
2, 17, 352837
List the prime factors of 76505.
5, 11, 13, 107
List the prime factors of 296205.
3, 5, 7, 13, 31
List the prime factors of 10857270.
2, 3, 5, 361909
What are the prime factors of 3180167?
3180167
List the prime factors of 4101695.
5, 13, 63103
What are the prime factors of 19202891?
617, 31123
What are the prime factors of 135345?
3, 5, 7, 1289
List the prime factors of 26834.
2, 13417
List the prime factors of 281016.
2, 3, 1301
What are the prime factors of 515394?
2, 3, 11, 19, 137
What are the prime factors of 2044531?
811, 2521
List the prime factors of 18112927.
7, 173, 14957
List the prime factors of 1330791.
3, 7, 11, 823
List the prime factors of 2297.
2297
List the prime factors of 654201.
3, 72689
What are the prime factors of 8142718?
2, 4071359
What are the prime factors of 2162626?
2, 67, 16139
What are the prime factors of 1021874?
2, 7, 47, 1553
What are the prime factors of 3269940?
2, 3, 5, 54499
What are the prime factors of 223660?
2, 5, 53, 211
List the prime factors of 1051076.
2, 13, 17, 29, 41
What are the prime factors of 145898?
2, 72949
List the prime factors of 280015.
5, 56003
What are the prime factors of 1878993?
3, 17, 12281
What are the prime factors of 2461865?
5, 7, 31, 2269
List the prime factors of 208522.
2, 17, 6133
What are the prime factors of 280848?
2, 3, 5851
What are the prime factors of 1037515?
5, 59, 3517
What are the prime factors of 3299640?
2, 3, 5, 31, 887
List the prime factors of 263412.
2, 3, 271
List the prime factors of 3606014.
2, 53, 34019
List the prime factors of 2166431.
2166431
What are the prime factors of 18127881?
3, 19, 11779
List the prime factors of 1271641.
7, 389, 467
What are the prime factors of 2247144?
2, 3, 109, 859
What are the prime factors of 167483?
167483
What are the prime factors of 523780?
2, 5, 26189
What are the prime factors of 17792672?
2, 556021
List the prime factors of 11556423.
3, 1284047
List the prime factors of 1076231.
13, 82787
What are the prime factors of 4017642?
2, 3, 669607
What are the prime factors of 248103?
3, 1021
List the prime factors of 5109031.
167, 30593
List the prime factors of 953052.
2, 3, 43, 1847
List the prime factors of 7752580.
2, 5, 11, 131, 269
What are the prime factors of 7387009?
7, 269, 3923
What are the prime factors of 565309?
457, 1237
List the prime factors of 14373210.
2, 3, 5, 181, 2647
List the prime factors of 14785004.
2, 13, 157, 1811
Wh